/3 + 2*p**2 + 31*p. Let a = -73 - -88. Suppose 0 = 3*o - a + 3. Give n(o).
12
Suppose 0 = i + 4 - 23. Let c = 50 - i. Suppose 29*w - 12 = c*w. Let t(p) = -p**3 - 7*p**2 - 7*p + 1. What is t(w)?
7
Let n(u) = 2*u + 1. Let t be n(4). Let x(g) = 1994*g - 260. Let k(y) = -68*y + 9. Let l(m) = -88*k(m) - 3*x(m). Calculate l(t).
6
Suppose 184*v - 106*v - 390 = 0. Let k(x) = x**2 - 8*x + 10. What is k(v)?
-5
Let s(j) be the first derivative of -j**5/20 + j**4/12 + j**3/6 + 71*j + 14. Let f(z) be the first derivative of s(z). Determine f(-1).
1
Let x(t) = -t**2 - 3*t + 8. Let g(m) = -7*m**2 - 10*m + 51. Let f(j) = g(j) - 5*x(j). Give f(5).
-14
Let j(k) = k**2 + 13*k + 2. Suppose 7*x + 4 = 9*x. Let o(u) = -4*u**2 + 10*u - 17. Let n be o(x). Give j(n).
2
Let w be 14/(-4) + 2/4. Let m(v) be the first derivative of 192 - 1/3*v**3 - 3/2*v**2 - v. Give m(w).
-1
Let a(p) = -p**3 + 11*p**2 - 15*p - 25. Let j be a(9). Suppose 11 + 13 = -j*n + 4*g, 5*n - g + 42 = 0. Let z(o) = o**3 + 9*o**2 + 2*o - 4. What is z(n)?
44
Let h(c) = 35*c**2 - c - 3. Let x(r) = 31*r**2 - 2*r - 3. Let s(l) = -8*h(l) + 9*x(l). Let z = -6 + -1. What is s(z)?
18
Let b(t) be the first derivative of -10*t**2 - 252*t - 1921. Calculate b(-13).
8
Let c(k) = -3*k**2 - 1. Suppose 0*r = 4*r - 120. Let y(m) = 2*m**2 - m + 10. Let z be y(4). Suppose r - z = 4*v. Determine c(v).
-13
Let k(v) = v**3 + 4*v**2 - v + 3. Let c = -38 - -36. Let d be (-12)/c*(-8)/(-12). Suppose -14 + d = j - q, -5*j - 5*q = 0. What is k(j)?
-17
Let p(b) = 46*b - 298. Let l = -10084 + 10090. What is p(l)?
-22
Let d(n) = 2*n + 5*n - 1 - 3*n - 2*n**2. Let p(l) be the third derivative of -l**5/60 + l**4/24 + l**3/6 - 78*l**2 + 1. Let s(k) = d(k) - 3*p(k). What is s(-4)?
8
Let q(k) = 2*k**2 + 57*k + 25. Let u(b) = -3*b**3 - 25*b**2 - 20*b + 28. Let n be u(-7). Calculate q(n).
-3
Let q(c) = -6*c - 1. Let v be (-4 - (-1 + -4))*-5. Let o(a) = -3*a - 18. Let w be o(v). Calculate q(w).
17
Let g(x) = 2*x**2 + 21*x + 3. Let a(j) = j**3 - 34*j**2 - 13*j + 433. Let y be a(34). Calculate g(y).
-24
Let j(v) = -1030*v - 8240. Let w be j(-8). Let a(r) = r**2 + 2*r - 47. Give a(w).
-47
Suppose 0 = -4*m - 0 + 16. Suppose 4*c = -3*v - 45 + 4, -35 = m*c + v. Let p(u) be the second derivative of u**3/6 + 9*u**2/2 + 50*u. Give p(c).
1
Let i(f) = f**3 + 12*f**2 - 244*f + 232. Let y be i(10). Let s(r) = -12*r**2 - 96*r + 1. Calculate s(y).
1
Let u(g) = 0*g**2 + 21 - 6*g - 2*g**2 - 22 + 5*g - 26*g. Give u(-13).
12
Let s(p) = -33*p - 261. Let k be s(-8). Suppose -y = -3*z + 8, -11*y - k*z + 14 = -6*y. Let t(f) = -41*f + 1. What is t(y)?
-40
Let a(m) = 3*m**2 - 7*m + 5. Suppose 0 = 5*k - 2*p - 4, -2*k - 9 + 22 = 3*p. Determine a(k).
3
Let a(k) be the second derivative of -k**5/20 - k**4 + 5*k**3/6 + 5*k**2 + 7*k - 60. Calculate a(-12).
-50
Let n(s) = -5*s + 44. Let o be n(8). Let q(b) = 2*b - 2. Let t be q(2). Let f(j) = -4 - 6*j**t - o*j - 8*j**2 - 4*j + 13*j**2. What is f(-6)?
8
Let u(w) = -w**2 - 1. Suppose 0 = -6*q - 48 - 18. Let r(k) = k**3 + 4*k**2 + k + 4. Let m(p) = q*u(p) - 2*r(p). Give m(3).
-30
Let s(c) = -c**3 - 14*c**2 + 34*c + 19. Let y = 13820 + -13836. Determine s(y).
-13
Suppose 4*r - 2*d - 14 = 0, -2 + 17 = -5*d. Let m be (2 - r)/(-2)*8/(-32). Let l(f) = 0*f - 6*f + 3*f + 1 + m. Give l(-5).
16
Let j(o) = o**3 + 7*o**2 + o + 6. Let d(f) = 8*f**2 + 19*f + 1. Let s be d(-2). Let z be ((1 + -4)/(-3))/(s/35). What is j(z)?
-1
Let n be (1 - 4/10)*-5 - (-20)/6. Let h(j) be the first derivative of j + n*j**3 + 13 + 5*j**2. Give h(-4).
-23
Let z(a) = -a**2 + a - 18. Let o(d) = d**3 + 16*d**2 + 15*d + 8. Let n be o(-15). Suppose k + 2 = 3*x - 0, 0 = -3*x - 4*k - n. Determine z(x).
-18
Let c(m) = -27*m**3 - 3*m**2 - 2*m. Let p be 22/(-44)*(0 + 2). What is c(p)?
26
Suppose -5*o + 4*o = k - 1, -2*k = 4*o - 2. Let l(f) = -1 + 2*f - 229*f**2 + 128*f**2 + 112*f**2. Calculate l(k).
12
Let b(i) = -38*i**2 - 63*i + 1. Let l(d) = 29*d**2 + 47*d - 1. Let x(t) = 7*b(t) + 9*l(t). Calculate x(-4).
-10
Let k(f) be the third derivative of f**4/4 - 25*f**3/3 + 902*f**2. What is k(11)?
16
Let t(d) be the first derivative of 21*d**2/2 + 4*d - 238. Give t(-2).
-38
Let q(w) = -w**3 + 16*w**2 - 39*w. Let o(f) = 84*f**2 + 248*f + 1. Let k be o(-3). Calculate q(k).
0
Let z(h) = -h**2 + 26*h + 4. Let d(u) = -2*u**2 + 65*u + 9. Let f(m) = -2*d(m) + 5*z(m). Suppose 7*n - 8 = 5*n. Determine f(n).
-14
Suppose -3*m + 5 = 2*b, 5*b - 5*m - 40 = -15. Suppose -b*w = 3*s - 22, 5*s + 45 = -7*w + 12*w. Let z(p) = p + 10. Calculate z(w).
17
Let p be 2/(-2) - (-11 - -8). Let l = p - 5. Let q(v) = -170 + 90 + 3*v + v + 84 + v**2. Calculate q(l).
1
Let p(a) = -2*a**2 + 8*a - 16. Let d = 1623 + -1618. Determine p(d).
-26
Let p(l) = l**2 + l - 25. Let y(t) = 5*t**2 - 13*t - 124. Let a(w) = 4*p(w) - y(w). What is a(17)?
24
Let s be ((-2)/3)/(2/(-9)). Suppose s*h - 40 = -3*m + 59, h + 37 = m. Let p(q) = -q + 3 - m*q**2 - 38*q**2 - 5 + 72*q**2. What is p(-5)?
-22
Let r = -1100 - -1092. Let b(y) = 19 - 10*y - y**2 + 0*y**2 - 29. Give b(r).
6
Let l(i) = 3066*i**2 + 3058*i**2 + 3073*i**2 - 40 + i**3 - 9214*i**2 + 4*i. What is l(17)?
28
Let u(k) = -7*k - 2. Suppose 20 + 30 = 10*b. Suppose 19 = -b*p - 1. Calculate u(p).
26
Let m be (-9)/(1/(-2)*8/(-44)). Let l be ((m/(-2))/3)/((-879)/(-586)). Let p(u) = 3*u - 15. What is p(l)?
18
Let t(z) be the second derivative of -z**5/20 + z**4 + 2*z**3 + 6*z**2 - 5*z. Let q = -105 - -118. Give t(q).
-1
Let w(c) = -35*c**2 - 301*c - 300. Let q be w(-1). Let k(t) = -t**3 - 33*t**2 + 36*t + 72. Determine k(q).
4
Let c(o) = 19313*o**3 - 9659*o**3 + 2*o + 2 - 6*o**2 - 9653*o**3. Let u be 9/2 + (-2)/(-4). What is c(u)?
-13
Let w(b) = -b**3 - 6*b**2 + 24*b + 150. Let d be w(-5). Let j(p) = -p**2 + 4*p - 7. What is j(d)?
-12
Suppose h + 10 = 2*n, 1282*n - 1279*n - h = 17. Let k(g) be the first derivative of g**3/3 - 7*g**2/2 - 3*g - 2. What is k(n)?
-3
Let h(g) = -g - 3. Let w(f) be the second derivative of -f**3/6 - f**2/2 + 3*f - 5. Let s(y) = h(y) - 6*w(y). Give s(-5).
-22
Let d(r) = r**3 + 2*r**2 - 3*r - 3. Let x(s) = 24*s + 1798. Let t be x(-75). Calculate d(t).
3
Let b(r) = 669 + 5*r - 7*r**2 - 661 + 0*r**2 - r**3. Let a(y) = 3*y**3 + 20*y**2 - 15*y - 23. Let m(w) = -6*a(w) - 17*b(w). Let v = -2 + -1. Determine m(v).
5
Suppose 67*v + 9*v = -v - 3*v. Let w(u) be the third derivative of 5/24*u**4 + 4*u**2 + 1/60*u**5 + v*u + 2/3*u**3 + 0. Determine w(-6).
10
Let h = 36812 + -36813. Let w(c) be the first derivative of c**5/15 - c**4/12 - c**3/6 + c**2 - 2. Let j(n) be the second derivative of w(n). What is j(h)?
5
Let w(z) be the first derivative of 2*z**2 + 4*z - 2042. Determine w(-5).
-16
Let t(c) be the third derivative of 5*c**4/24 - 109*c**3/6 - c**2 - 3468*c. What is t(20)?
-9
Suppose -181*n - 965 - 483 = 0. Let x(p) = -9*p**2 - 73*p - 1. Give x(n).
7
Let j(b) = -b**3 + 14*b**2 + 4*b - 30. Suppose 10*r - 123 + 36 = 53. What is j(r)?
26
Let j(k) be the second derivative of -87*k - 21/2*k**2 - 1/3*k**3 + 0. Give j(-10).
-1
Let i(k) be the first derivative of k**3/3 - 5*k**2/2 - 3*k + 21813. Suppose 5*w - 32 = w. Let d = -1 + w. Give i(d).
11
Suppose 0 = 67*z - 24387 + 24923. Let l(j) = -7*j + 0*j**2 + 8 - 2*j**2 + j**2. What is l(z)?
0
Let o(d) = 15*d**3 - 2*d**2 + 5*d - 3. Let n(c) = -7*c**3 + c**2 - 3*c + 2. Let x be ((-3)/2)/(-5 + (-132)/(-24)). Let r(q) = x*o(q) - 5*n(q). Give r(1).
-10
Let t = 590 + -594. Let u(y) = -6*y + 4. Give u(t).
28
Let p(g) be the third derivative of -g**5/60 - 11*g**4/24 - 4*g**3/3 - 403*g**2 - 2*g - 8. Suppose -4*l - 3*h = 51, 5*h = l + 2*l + 2. Give p(l).
10
Let r(p) be the third derivative of 0 - 1/24*p**4 + 0*p**3 - 1/60*p**5 + 0*p - 1/120*p**6 - 14*p**2. Give r(-1).
1
Let v(o) = 15*o + 6. Let y(x) = 3*x + 1. Let d(m) = -2*v(m) + 11*y(m). Suppose -13*q + 24*q = 44. Suppose 2*h = h + t + 2, 0 = 2*h - q*t - 14. Determine d(h).
-10
Let b(x) = x + 13. Let d(l) = 6*l + 69. Let g(w) = -15*b(w) + 3*d(w). Let h(q) = -q**3 - 11*q**2 + 26*q - 5. Let j be h(-13). Calculate g(j).
-3
Let o(u) be the third derivative of -u**4/3 + 19*u**3/6 + 2405*u**2. Determine o(-6).
67
Let t = -1893 - -1893. Let s(z) = z**2 - 2*z - 70. Calculate s(t).
-70
Let j(z) = -z - 13. Let p(l) be the third derivative of l**5/30 - 11*l**4/24 - 16*l**3/3 